+ o = -f. What is the units digit of (-2)/(-4) - (-9)/f?
5
Let v be 2/(1/(-3)*2). Let l = 5 + v. What is the units digit of l?
2
Let p(r) = r**2 - 7*r - 4. Let h(i) = -2*i**2 + 7*i + 5. Let k(c) = 2*h(c) + 3*p(c). What is the units digit of k(-6)?
4
Let z(x) = 11*x - 11. What is the units digit of z(7)?
6
Let v = -5 + 4. Let w be ((-10)/4)/(1/(-2)). Let x = w + v. What is the units digit of x?
4
Suppose 1 = 3*z - 5. Suppose 0 = m - 4*o, o = 3*m + z*o - 52. What is the units digit of m?
6
Let x(g) = 2*g**2 + 4*g + 3. Let n = 5 + 0. Suppose n*s + 1 = -9. What is the units digit of x(s)?
3
Let w be 0/(2 - (-1 - -2)). What is the units digit of 12/4*(1 + w)?
3
Let z(g) be the first derivative of -g**5/60 - 11*g**4/24 + 2*g**3/3 + 1. Let b(x) be the third derivative of z(x). What is the units digit of b(-8)?
5
Suppose 0 = p + p - 3*b - 391, b = -5*p + 952. Suppose -4*z - 7 = -p. What is the tens digit of z?
4
Let r = 8 + -9. Let q be r/3 - (-26)/6. Suppose -q*v + v + 6 = 0. What is the units digit of v?
2
Let j = 4 + 0. Suppose -5*y + 3*a - j*a = -24, 8 = y + a. Let h = y + -2. What is the units digit of h?
2
Let m = -3 - -7. Suppose -20 = m*v - 0*v. What is the units digit of (-61)/v - (-2)/(-10)?
2
Suppose -4*j = -14 - 2, -3*j = 3*p - 177. What is the tens digit of p?
5
Let r = 28 - -1. Suppose -2*m + 2*s = -12, -3*m - 2*s - 1 + r = 0. What is the units digit of m?
8
Suppose -5*y = -3 - 17. Suppose 145 = k + y*k. What is the units digit of k?
9
Suppose 0 = 5*q - 8*q + 63. Suppose 7*w - 4*w - q = 0. What is the units digit of w?
7
Let q be 5 - 2*(-2)/(-4). Suppose 3*y = q*y - 4. What is the units digit of y?
4
Let x = 22 - 16. What is the units digit of (-1)/(-2) + 51/x?
9
Let s(l) = -l + 10. Let o(q) = 3*q**2 + q - 2. Let j be o(-2). Suppose j = 2*y - 3*y. What is the tens digit of s(y)?
1
Suppose -2*m + u + 304 = 68, 4*u + 242 = 2*m. What is the hundreds digit of m?
1
Let s(u) = u**2 + 8*u - 4. Let a(f) = -2*f**2 - 17*f + 7. Let d(r) = -2*a(r) - 5*s(r). Let n be d(-7). What is the tens digit of (-1 - 1) + (n - -17)?
1
Suppose 106 = 2*k - 2*a, 24 = -5*k + 3*a + 289. What is the tens digit of k?
5
What is the units digit of (-46)/(-6)*(-12)/8*-6?
9
Let g(r) = -r**2 + 1. Let n be -1*1*(-1 + 2). Let f(p) = -5*p**2 + 7. Let b(s) = n*f(s) + 4*g(s). What is the units digit of b(3)?
6
Suppose -4*r + 2*r + 416 = o, -r = 2*o - 835. What is the hundreds digit of o?
4
Suppose -158 = -5*y + 3*y. What is the tens digit of y?
7
Let y(b) = 3*b**2 - 18*b + 4. Let u(s) = -s**2 + 9*s - 2. Let r(j) = -5*u(j) - 2*y(j). What is the tens digit of r(-4)?
2
Suppose 5*k + 4*o - 405 = 0, -3*o - 196 = -4*k + 159. What is the units digit of k?
5
Let c = 30 + 60. What is the units digit of c?
0
Let w(u) = u**3 - 3*u**2 - 2*u + 2. Let t be w(3). Let v(s) = -2*s - 6. Let i be v(t). Suppose -4*q + 14 = c - 43, 0 = -i*c + 2. What is the tens digit of q?
1
Let d = 11 + -5. What is the units digit of d?
6
Let s be (-148)/(-16) - (-2)/(-8). Suppose -4*o + o + s = 0. What is the units digit of o?
3
Let k(v) = 51*v**2 + 1. What is the tens digit of k(1)?
5
Let y = 25 - 16. What is the units digit of 2/4*2*y?
9
Let i = 4 - -2. Let q = i + 5. What is the tens digit of q?
1
Let r = -106 + 71. Let j = r + 52. What is the units digit of j?
7
Suppose 2*h - 6 = -2. Let d(v) = -1 - 6*v - v**h + 2*v - v**3 + 2*v. What is the units digit of d(-1)?
1
Suppose 17 = 4*j + 3*y + 2, 2*y - 5 = -j. Suppose m - j*m = -16. What is the units digit of m?
8
Let g be -2*9/(-6) + 1. Suppose p + g*p - 13 = -r, 0 = r + 3*p - 11. What is the units digit of r?
8
Let m(q) = 3*q**2 - 16*q - 7. What is the units digit of m(-6)?
7
Let u = -97 - -203. What is the units digit of u?
6
Let h(k) = -92*k - 31. What is the hundreds digit of h(-3)?
2
Let t = -59 - -38. Let u(s) = s**3 - 8*s**2 - 4*s - 4. Let k be u(8). Let w = t - k. What is the units digit of w?
5
Suppose -60 = -5*c + 4*t, 0*t = -2*t - 10. Let u = -5 + c. Let w = u + -1. What is the units digit of w?
2
Suppose 3*c - 4*c = -4*f + 49, 4*f = -3*c + 61. What is the tens digit of f?
1
Let g be -2 - 9/6*-2. Suppose g = 2*x - 1. What is the units digit of x?
1
Let s(j) = -j**3 + 9*j**2 - 12*j + 1. Let w be s(8). Let y = 35 + -54. Let n = y - w. What is the units digit of n?
2
Suppose 0 = -4*j - 109 + 337. What is the tens digit of j?
5
Let r = 27 - 6. Let k = -8 + r. What is the units digit of k?
3
Let n be 1/((-39)/42 + 1). Suppose -n = -m - 3. What is the units digit of m?
1
Suppose 7*v = -5*n + 2*v + 15, -5*n = -4*v - 6. Suppose -3*a + n*a = -4. Let m = -2 + a. What is the units digit of m?
2
Let j(s) = -3*s**3 - s**2 - 2*s - 1. Let g be j(-1). Let o(u) = -u**3 + 3*u**2 + u + 4. Let m be o(g). Let y(v) = v - 1. What is the units digit of y(m)?
6
Let v(r) = -r**3 - 9*r**2 + 4*r + 5. What is the units digit of v(-10)?
5
Let g(h) = h**3 + 6*h**2 - 2*h. Let c(u) = -u**3 + 6*u**2 - 2*u + 6. Let o be c(6). What is the tens digit of g(o)?
1
Let o = -2 - -2. Let n(s) = -2 + o*s + 0 + s. What is the units digit of n(6)?
4
Let m(p) = 2 + 2 - 3 - p + p**2 + 8*p**2. What is the units digit of m(1)?
9
Let v = 4 + -1. Let m = 6 + v. What is the units digit of m?
9
Suppose 0 = -4*r - 0*r - 40. Let g = 4 - r. What is the tens digit of g?
1
Let j be 8/28 + 248/14. Suppose -3*c + j = 3*l, -3*c + 10*l + 34 = 5*l. What is the units digit of c?
8
Let v(a) = 6 - 2 - 3*a + 2*a. What is the units digit of v(3)?
1
Suppose -8 - 14 = -j. Suppose -3*d + j = 4*y, 2*y + y = 2*d - 43. What is the units digit of d?
4
Let z be (-1 + (-3)/(-3))/2. Suppose z = -5*s + 13 + 2. What is the units digit of s?
3
Let i = -67 - -39. Suppose -4*y - 16 = -0*o - o, y - 15 = 5*o. What is the units digit of (-15)/o - 7/i?
4
Let m(g) = -12*g + 7*g**2 - 2*g**2 + 9*g. What is the units digit of m(2)?
4
Suppose 2*c - 3*o - 46 = 0, -3*c + c - 2*o = -56. What is the tens digit of c?
2
Suppose 2*v - v = 17. Let l = v - 57. What is the units digit of 6/(-10) - 144/l?
3
Let n be 106/10 - 24/(-60). Suppose n = 2*k + 3. What is the units digit of k?
4
Let t(r) = -r**3 - 4*r**2 - 3*r + 2. What is the tens digit of t(-5)?
4
Let n be (-38)/8 - (-3)/4. Let l be -15*3/((-15)/n). What is the units digit of ((-8)/l)/(2/9)?
3
Let g(r) = 19*r**2 - 2*r + 3. What is the units digit of g(-2)?
3
Let c(r) = 3*r - 7. Let w(t) = -t**2 - 9*t + 5. Suppose 34 = -3*n + 7. Let j be w(n). What is the units digit of c(j)?
8
Let q = 16 - 13. What is the units digit of q?
3
Let r(l) = l**3 + 13*l**2 - 3*l - 13. What is the units digit of r(-13)?
6
Suppose 2*s + 2*l = 146, 3*l = 3*s - 203 + 2. Suppose 3*h - 19 = -5*v + 43, 5*v - 5*h - s = 0. What is the units digit of 1/(-1) + v + -6?
6
Let s(f) = 4*f**2 + 12*f. Let h(i) = i**2 + i - 1. Let o(u) = 3*h(u) - s(u). What is the tens digit of o(-7)?
1
Suppose -3*h = i - 11, 0 = 5*i - 4 - 6. Suppose -j + 128 = 4*y + h*j, -2*j + 33 = y. What is the tens digit of y?
3
Let n(a) = a**2 + a - 16. What is the tens digit of n(9)?
7
Let d = 8 + -5. Let l = 1 - d. Let c(q) = -3*q - 3. What is the units digit of c(l)?
3
Let s be ((-10)/25)/(2/(-10)). Suppose -s*x - 3*x - 4*p = 1, 2*x - 3*p = 18. What is the units digit of x?
3
What is the tens digit of (482 + -2)/(-2)*-1?
4
Suppose n - 4 - 4 = 0. Suppose 3*p - n = 4. What is the units digit of p?
4
Suppose -4*i + 9 = 3*p, 4*p + 2*i + 2 - 14 = 0. What is the units digit of p?
3
Let l = -8 + 12. Suppose -4*t - 5 = -5*c, 3*t = -c - 0 + 1. Suppose t = -l*p - 0*p + 44. What is the tens digit of p?
1
Suppose 3*m + 15 = -0*l - 3*l, -3*l = m + 19. Let i = l - -11. Suppose i = -c + 13. What is the units digit of c?
9
Suppose 0 = 4*g - 8 - 8. What is the units digit of 20 + -2 + (g - 0)?
2
Let n = -2 + 5. Suppose -2*g - 36 = -n*x - x, 2*x = -3*g - 14. Let q = g - -20. What is the tens digit of q?
1
Suppose 0 = -z + 129 + 207. What is the hundreds digit of z?
3
Suppose 3*f - 78 - 69 = 0. What is the units digit of f?
9
Suppose 0*r + 5*l - 36 = -3*r, -r - 3*l + 8 = 0. Let s = r + -11. What is the units digit of 256/18 - s/27?
4
Let o be (-18)/(-4)*4/3. Let b = -3 + o. Suppose 5*x + b*c = -2*c + 80, 0 = 5*x - 4*c - 71. What is the units digit of x?
5
Suppose -2*c = -19*c + 4114. What is the hundreds digit of c?
2
Let h = -3 - 15. What is the units digit of (-3)/h + 2